{"id":814,"date":"2023-02-07T12:22:37","date_gmt":"2023-02-07T09:22:37","guid":{"rendered":"https:\/\/iwcma.selcuk.edu.tr\/?page_id=814"},"modified":"2023-03-11T15:19:47","modified_gmt":"2023-03-11T12:19:47","slug":"organizing-committee","status":"publish","type":"page","link":"https:\/\/iwcma.selcuk.edu.tr\/index.php\/organizing-committee\/","title":{"rendered":"Organizing Committee"},"content":{"rendered":"<div id=\"pl-814\"  class=\"panel-layout\" ><div id=\"pg-814-0\"  class=\"panel-grid panel-no-style\" ><div id=\"pgc-814-0-0\"  class=\"panel-grid-cell\" ><div id=\"panel-814-0-0-0\" class=\"so-panel widget widget_themegrill_flash_heading tg-widget section-title-wrapper panel-first-child\" data-index=\"0\" >\t<h3 class=\"section-title\">ORGANIZING COMMITTEE<\/h3>\n<\/div><div id=\"panel-814-0-0-1\" class=\"widget_text so-panel widget widget_custom_html panel-last-child\" data-index=\"1\" ><div class=\"textwidget custom-html-widget\"><html>\n\t<head>\n\t\t<style>\n\t\t\tdiv.a {\n\t\t\t\tposition: absolute;\n\t\t\t}\n\t\t<\/style>\n\t<\/head>\n\t<body>\n\t\t<div class=\"a\">\n\t\t\t<ul>\n\t\t\t\t<li>\u00d6zlem Acar, PhD, Sel\u00e7uk University<\/li>\n\t\t\t\t<li>Borislav R. Draganov, PhD, Sofia University<\/li>\n\t\t\t\t<li>Peter Massopust, PhD, Technical University of Munich<\/li>\n\t\t\t\t<li>F\u0131rat \u00d6zsara\u00e7, PhD, K\u0131r\u0131kkale University<\/li>\n\t\t\t\t<li>Metin Turgay, PhD Candidate, Sel\u00e7uk University<\/li>\n\t\t\t\t<li>Ioan Ra\u015fa, PhD, Technical University of Cluj-Napoca<\/li>\n\t\t\t\t<li>Yoshihiro Sawano, PhD, Chuo University<\/li>\n\t\t\t<\/ul>\n\t\t<\/div>\n\t<\/body>\n<\/html><\/div><\/div><\/div><\/div><\/div>","protected":false},"excerpt":{"rendered":"<p>ORGANIZING COMMITTEE \u00d6zlem Acar, PhD, Sel\u00e7uk University Borislav R. Draganov, PhD, Sofia University Peter Massopust, PhD, Technical University of Munich [&hellip;]<\/p>\n","protected":false},"author":2,"featured_media":0,"parent":0,"menu_order":0,"comment_status":"closed","ping_status":"closed","template":"","meta":{"footnotes":""},"class_list":["post-814","page","type-page","status-publish","hentry"],"_links":{"self":[{"href":"https:\/\/iwcma.selcuk.edu.tr\/index.php\/wp-json\/wp\/v2\/pages\/814","targetHints":{"allow":["GET"]}}],"collection":[{"href":"https:\/\/iwcma.selcuk.edu.tr\/index.php\/wp-json\/wp\/v2\/pages"}],"about":[{"href":"https:\/\/iwcma.selcuk.edu.tr\/index.php\/wp-json\/wp\/v2\/types\/page"}],"author":[{"embeddable":true,"href":"https:\/\/iwcma.selcuk.edu.tr\/index.php\/wp-json\/wp\/v2\/users\/2"}],"replies":[{"embeddable":true,"href":"https:\/\/iwcma.selcuk.edu.tr\/index.php\/wp-json\/wp\/v2\/comments?post=814"}],"version-history":[{"count":17,"href":"https:\/\/iwcma.selcuk.edu.tr\/index.php\/wp-json\/wp\/v2\/pages\/814\/revisions"}],"predecessor-version":[{"id":1112,"href":"https:\/\/iwcma.selcuk.edu.tr\/index.php\/wp-json\/wp\/v2\/pages\/814\/revisions\/1112"}],"wp:attachment":[{"href":"https:\/\/iwcma.selcuk.edu.tr\/index.php\/wp-json\/wp\/v2\/media?parent=814"}],"curies":[{"name":"wp","href":"https:\/\/api.w.org\/{rel}","templated":true}]}}